e hundreds digit of 35824?
8
What is the units digit of 338?
8
What is the ten thousands digit of 27738?
2
What is the units digit of 2412?
2
What is the hundreds digit of 966?
9
What is the thousands digit of 4037?
4
What is the hundreds digit of 7102?
1
What is the hundreds digit of 34350?
3
What is the units digit of 10036?
6
What is the tens digit of 10?
1
What is the thousands digit of 4747?
4
What is the tens digit of 60852?
5
What is the thousands digit of 1264?
1
What is the hundreds digit of 408?
4
What is the tens digit of 231?
3
What is the tens digit of 2445?
4
What is the thousands digit of 8834?
8
What is the thousands digit of 8627?
8
What is the tens digit of 71275?
7
What is the hundreds digit of 417?
4
What is the thousands digit of 7828?
7
What is the thousands digit of 1682?
1
What is the tens digit of 1733?
3
What is the units digit of 1076?
6
What is the units digit of 177?
7
What is the hundreds digit of 18553?
5
What is the units digit of 386?
6
What is the hundreds digit of 3937?
9
What is the thousands digit of 1079?
1
What is the units digit of 4588?
8
What is the hundreds digit of 8544?
5
What is the hundreds digit of 31800?
8
What is the thousands digit of 159006?
9
What is the hundreds digit of 15027?
0
What is the units digit of 2447?
7
What is the hundreds digit of 4969?
9
What is the hundreds digit of 745?
7
What is the thousands digit of 1494?
1
What is the units digit of 1030?
0
What is the units digit of 1338?
8
What is the units digit of 1542?
2
What is the units digit of 2014?
4
What is the units digit of 1024?
4
What is the units digit of 1741?
1
What is the units digit of 3444?
4
What is the units digit of 1587?
7
What is the ten thousands digit of 30714?
3
What is the tens digit of 1371?
7
What is the hundreds digit of 147?
1
What is the units digit of 258?
8
What is the units digit of 72165?
5
What is the tens digit of 5253?
5
What is the tens digit of 62983?
8
What is the thousands digit of 45185?
5
What is the tens digit of 1981?
8
What is the thousands digit of 37160?
7
What is the units digit of 6422?
2
What is the thousands digit of 3730?
3
What is the ten thousands digit of 23447?
2
What is the units digit of 68832?
2
What is the thousands digit of 25860?
5
What is the hundreds digit of 36600?
6
What is the tens digit of 7559?
5
What is the hundreds digit of 329?
3
What is the tens digit of 44145?
4
What is the hundreds digit of 988?
9
What is the units digit of 1425?
5
What is the thousands digit of 5107?
5
What is the units digit of 36038?
8
What is the hundreds digit of 20942?
9
What is the tens digit of 2356?
5
What is the units digit of 10333?
3
What is the tens digit of 29663?
6
What is the tens digit of 776?
7
What is the thousands digit of 78088?
8
What is the units digit of 760?
0
What is the thousands digit of 8237?
8
What is the thousands digit of 18779?
8
What is the tens digit of 59041?
4
What is the thousands digit of 77805?
7
What is the tens digit of 1710?
1
What is the thousands digit of 5023?
5
What is the hundreds digit of 3342?
3
What is the ten thousands digit of 35592?
3
What is the thousands digit of 2671?
2
What is the hundreds digit of 1102?
1
What is the units digit of 75679?
9
What is the tens digit of 1058?
5
What is the units digit of 39418?
8
What is the thousands digit of 17101?
7
What is the hundreds digit of 5630?
6
What is the tens digit of 96?
9
What is the units digit of 4472?
2
What is the units digit of 10982?
2
What is the tens digit of 8407?
0
What is the tens digit of 128901?
0
What is the tens digit of 2577?
7
What is the thousands digit of 4782?
4
What is the hundreds digit of 450?
4
What is the thousands digit of 42462?
2
What is the hundreds digit of 16545?
5
What is the units digit of 131?
1
What is the tens digit of 271?
7
What is the tens digit of 1852?
5
What is the units digit of 9098?
8
What is the units digit of 26?
6
What is the ten thousands digit of 15473?
1
What is the units digit of 2404?
4
What is the units digit of 3065?
5
What is the hundreds digit of 255?
2
What is the units digit of 41069?
9
What is the thousands digit of 2346?
2
What is the units digit of 727?
7
What is the tens digit of 7315?
1
What is the hundreds digit of 710?
7
What is the tens digit of 14806?
0
What is the tens digit of 24377?
7
What is the thousands digit of 37336?
7
What is the tens digit of 91?
9
What is the tens digit of 256?
5
What is the units digit of 294?
4
What is the hundreds digit of 84743?
7
What is the thousands digit of 61690?
1
What is the hundreds digit of 1394?
3
What is the thousands digit of 85259?
5
What is the ten thousands digit of 88859?
8
What is the hundreds digit of 4246?
2
What is the units digit of 797?
7
What is the hundreds digit of 655?
6
What is the hundreds digit of 2841?
8
What is the tens digit of 438?
3
What is the units digit of 34433?
3
What is the thousands digit of 31316?
1
What is the thousands digit of 3961?
3
What is the hundreds digit of 37484?
4
What is the hundreds digit of 3129?
1
What is the units digit of 15868?
8
What is the tens digit of 5670?
7
What is the units digit of 3304?
4
What is the units digit of 17540?
0
What is the units digit of 9522?
2
What is the thousands digit of 7447?
7
What is the units digit of 49298?
8
What is the hundreds digit of 9040?
0
What is the units digit of 103?
3
What is the ten thousands digit of 32301?
3
What is the tens digit of 944?
4
What is the thousands digit of 1589?
1
What is the thousands digit of 7533?
7
What is the hundreds digit of 835?
8
What is the hundreds digit of 10543?
5
What is the units digit of 23?
3
What is the units digit of 6799?
9
What is the units digit of 1009?
9
What is the units digit of 95032?
2
What is the tens digit of 334?
3
What is the hundreds digit of 29563?
5
What is the hundreds digit of 37898?
8
What is the hundreds digit of 68831?
8
What is the tens digit of 1911?
1
What is the units digit of 3400?
0
What is the units digit of 18429?
9
What is the hundred thousands digit of 129244?
1
What is the units digit of 19684?
4
What is the tens digit of 1091?
9
What is the thousands digit of 3224?
3
What is the hundreds digit of 689?
6
What is the tens digit of 1856?
5
What is the units digit of 6904?
4
What is the units digit of 1833?
3
What is the hundreds digit of 9077?
0
What is the ten thousands digit of 50223?
5
What is the units digit of 8302?
2
What is the tens digit of 2947?
4
What is the ten thousands digit of 18841?
1
What is the hundreds digit of 25761?
7
What is the units digit of 4639?
9
What is the hundreds digit of 2446?
4
What is the ten thousands digit of 31397?
3
What is the units digit of 1293?
3
What is the tens digit of 5752?
5
What is the thousands digit of 9212?
9
What is the hundreds digit of 943?
9
What is the ten thousands digit of 22225?
2
What is the tens digit of 1194?
9
What is the tens digit of 359?
5
What is the tens digit of 1441?
4
What is the tens digit of 3893?
9
What is the thousands digit of 2831?
2
What is the units digit of 30944?
4
What is the hundreds digit of 764?
7
What is the thousands digit of 33429?
3
What is the units digit of 7762?
2
What is the tens digit of 211?
1
What is the thousands digit of 20596?
0
What is the units digit of 27500?
0
What is the ten thousands digit of 24709?
2
What is the units digit of 545?
5
What is the ten thousands digit of 13534?
1
What is the ten thousands digit of 104299?
0
What is the hundreds digit of 3079?
0
What is the tens digit of 37213?
1
What is the ten thousands digit of 28555?
2
What is the tens digit of 5231?
3
What is the hundreds digit of 12644?
6
What is the hundreds digit of 3943?
9
What is the units digit of 2251?
1
What is the units digit of 4779?
9
What is the hundreds digit of 955?
9
What is the units digit of 4051?
1
What is the hundreds digit of 10623?
6
What is the ten thousands digit of 18001?
1
What is the tens digit of 4199?
9
What is the tens digit of 596?
9
What is the thousands digit of 31112?
1
What is the hundreds digit of 29203?
2
What is the thousands digit of 31780?
1
What is the tens digit of 831?
3
What is the tens digit of 1380?
8
What is the hundreds digit of 1716?
7
What is the units digit of 1681?
1
What is the tens digit of 116